{"id":38,"date":"2023-06-13T08:39:23","date_gmt":"2023-06-13T08:39:23","guid":{"rendered":"https:\/\/recreer.webeautiful.fr\/?page_id=38"},"modified":"2023-06-13T14:10:07","modified_gmt":"2023-06-13T14:10:07","slug":"qui-sommes-nous","status":"publish","type":"page","link":"https:\/\/re-creer.com\/?page_id=38","title":{"rendered":"Qui sommes-nous ?"},"content":{"rendered":"<p>[et_pb_section fb_built=&#8221;1&#8243; admin_label=&#8221;Header&#8221; _builder_version=&#8221;4.14.8&#8243; background_color=&#8221;#ffffff&#8221; background_size=&#8221;contain&#8221; custom_margin=&#8221;||||false&#8221; custom_padding=&#8221;4vw||4vw||true|false&#8221; hover_enabled=&#8221;0&#8243; global_colors_info=&#8221;{}&#8221; background_enable_image=&#8221;off&#8221; sticky_enabled=&#8221;0&#8243;][et_pb_row _builder_version=&#8221;3.25&#8243; background_size=&#8221;contain&#8221; animation_style=&#8221;zoom&#8221; animation_intensity_zoom=&#8221;10%&#8221; global_colors_info=&#8221;{}&#8221;][et_pb_column type=&#8221;4_4&#8243; _builder_version=&#8221;3.25&#8243; custom_padding=&#8221;|||&#8221; global_colors_info=&#8221;{}&#8221; custom_padding__hover=&#8221;|||&#8221;][et_pb_text _builder_version=&#8221;4.14.8&#8243; text_font=&#8221;||||||||&#8221; ul_font=&#8221;||||||||&#8221; ol_font=&#8221;||||||||&#8221; header_font=&#8221;Montserrat|500||on|||||&#8221; header_font_size=&#8221;18px&#8221; header_letter_spacing=&#8221;5px&#8221; header_line_height=&#8221;1.5em&#8221; header_2_font=&#8221;Montserrat|700|||||||&#8221; header_2_font_size=&#8221;60px&#8221; header_2_line_height=&#8221;1.4em&#8221; header_3_font=&#8221;||||||||&#8221; header_4_font=&#8221;||||||||&#8221; header_5_font=&#8221;||||||||&#8221; header_6_font=&#8221;||||||||&#8221; text_orientation=&#8221;center&#8221; hover_enabled=&#8221;0&#8243; header_font_size_tablet=&#8221;&#8221; header_font_size_phone=&#8221;12px&#8221; header_font_size_last_edited=&#8221;on|desktop&#8221; header_2_font_size_tablet=&#8221;50px&#8221; header_2_font_size_phone=&#8221;30px&#8221; header_2_font_size_last_edited=&#8221;on|desktop&#8221; global_colors_info=&#8221;{}&#8221; sticky_enabled=&#8221;0&#8243;]<\/p>\n<h2>Qui sommes nous ?<\/h2>\n<h1 class=\"heading-38\">\u00ab SE SAVOIR \u00c9COUT\u00c9, CELA CHANGE TOUT\u00a0\u00bb<\/h1>\n<p>[\/et_pb_text][\/et_pb_column][\/et_pb_row][\/et_pb_section][et_pb_section fb_built=&#8221;1&#8243; prev_background_color=&#8221;#ffffff&#8221; admin_label=&#8221;About&#8221; _builder_version=&#8221;4.14.8&#8243; background_color=&#8221;#fafafa&#8221; use_background_color_gradient=&#8221;on&#8221; background_color_gradient_start=&#8221;#fafafa&#8221; background_color_gradient_end=&#8221;#ffffff&#8221; background_size=&#8221;contain&#8221; background_position=&#8221;bottom_right&#8221; background_blend=&#8221;multiply&#8221; custom_padding=&#8221;10vw|||&#8221; top_divider_style=&#8221;wave&#8221; top_divider_height=&#8221;10vw&#8221; top_divider_repeat=&#8221;0.75x&#8221; hover_enabled=&#8221;0&#8243; global_colors_info=&#8221;{}&#8221; background_enable_image=&#8221;off&#8221; sticky_enabled=&#8221;0&#8243;][et_pb_row column_structure=&#8221;1_2,1_2&#8243; _builder_version=&#8221;3.25&#8243; locked=&#8221;off&#8221; global_colors_info=&#8221;{}&#8221;][et_pb_column type=&#8221;1_2&#8243; _builder_version=&#8221;3.25&#8243; custom_padding=&#8221;|||&#8221; global_colors_info=&#8221;{}&#8221; custom_padding__hover=&#8221;|||&#8221;][et_pb_text _builder_version=&#8221;4.14.8&#8243; text_font=&#8221;||||||||&#8221; text_line_height=&#8221;2em&#8221; header_font=&#8221;||||||||&#8221; header_3_font=&#8221;Montserrat|700|||||||&#8221; header_3_font_size=&#8221;26px&#8221; header_3_line_height=&#8221;1.3em&#8221; hover_enabled=&#8221;0&#8243; header_3_font_size_tablet=&#8221;&#8221; header_3_font_size_phone=&#8221;20px&#8221; header_3_font_size_last_edited=&#8221;on|phone&#8221; locked=&#8221;off&#8221; global_colors_info=&#8221;{}&#8221; sticky_enabled=&#8221;0&#8243;]<\/p>\n<h3 class=\"heading-17\">RE-CR\u00c9ER est une association reconnue par les Pouvoirs Publics comme \u00ab\u00a0un organisme d\u2019int\u00e9r\u00eat g\u00e9n\u00e9ral \u00e0 caract\u00e8re social.\u00a0\u00bb<\/h3>\n<p class=\"paragraph-4\">RE-CR\u00c9ER est n\u00e9e du v\u00e9cu de deux hommes\u00a0: un dirigeant d\u2019un groupe de 500 salari\u00e9s qui a d\u00e9pos\u00e9 son bilan et son expert comptable\u00a0; ils ont constat\u00e9 qu\u2019aucune aide n\u2019\u00e9tait apport\u00e9e aux chefs d\u2019entreprise pour leur permettre de se re-cr\u00e9er. RE-CR\u00c9ER est compos\u00e9e de b\u00e9n\u00e9voles qui ont une expertise compl\u00e9mentaire :<\/p>\n<ul role=\"list\">\n<li>Dirigeants d\u2019entreprises (petites et grandes) qui ont eux m\u00eames v\u00e9cu des difficult\u00e9s et souvent connu les proc\u00e9dures judiciaires,<\/li>\n<li>Juges du tribunal de commerce qui ont la double exp\u00e9rience de l\u2019entreprise et des proc\u00e9dures judiciaires,<\/li>\n<\/ul>\n<p>[\/et_pb_text][\/et_pb_column][et_pb_column type=&#8221;1_2&#8243; _builder_version=&#8221;3.25&#8243; custom_padding=&#8221;|||&#8221; global_colors_info=&#8221;{}&#8221; custom_padding__hover=&#8221;|||&#8221;][et_pb_icon _builder_version=&#8221;4.14.8&#8243; _module_preset=&#8221;default&#8221; font_icon=&#8221;&#xe05c;||fa||900&#8243; global_colors_info=&#8221;{%22gcid-325392c8-4291-4da5-88f5-1d95943be677%22:%91%22icon_color%22%93}&#8221; icon_color=&#8221;gcid-325392c8-4291-4da5-88f5-1d95943be677&#8243; icon_width=&#8221;200px&#8221; hover_enabled=&#8221;0&#8243; sticky_enabled=&#8221;0&#8243;][\/et_pb_icon][\/et_pb_column][\/et_pb_row][et_pb_row column_structure=&#8221;1_2,1_2&#8243; _builder_version=&#8221;4.14.8&#8243; hover_enabled=&#8221;0&#8243; global_colors_info=&#8221;{}&#8221; locked=&#8221;off&#8221; custom_padding=&#8221;80px||150px||false|false&#8221; sticky_enabled=&#8221;0&#8243;][et_pb_column type=&#8221;1_2&#8243; _builder_version=&#8221;3.25&#8243; custom_padding=&#8221;|||&#8221; global_colors_info=&#8221;{}&#8221; custom_padding__hover=&#8221;|||&#8221;][et_pb_text _builder_version=&#8221;4.14.8&#8243; text_font=&#8221;||||||||&#8221; text_line_height=&#8221;2em&#8221; header_font=&#8221;||||||||&#8221; header_2_font=&#8221;Merriweather|700|||||||&#8221; header_2_font_size=&#8221;36px&#8221; header_2_line_height=&#8221;1.6em&#8221; header_3_font=&#8221;Montserrat|700|||||||&#8221; header_3_text_color=&#8221;gcid-af86f2ab-02ee-4104-9a69-19a1d1493be4&#8243; header_3_font_size=&#8221;18px&#8221; header_3_line_height=&#8221;1.8em&#8221; hover_enabled=&#8221;0&#8243; header_2_font_size_tablet=&#8221;&#8221; header_2_font_size_phone=&#8221;20px&#8221; header_2_font_size_last_edited=&#8221;on|phone&#8221; header_3_font_size_tablet=&#8221;&#8221; header_3_font_size_phone=&#8221;14px&#8221; header_3_font_size_last_edited=&#8221;on|phone&#8221; locked=&#8221;off&#8221; global_colors_info=&#8221;{%22gcid-af86f2ab-02ee-4104-9a69-19a1d1493be4%22:%91%22header_3_text_color%22%93}&#8221; sticky_enabled=&#8221;0&#8243;]<\/p>\n<h3>RE-CR\u00c9ER poursuit un double objectif :<\/h3>\n<ul role=\"list\">\n<li>Offrir un r\u00e9confort moral et un soutien pratique (recherche de solutions) aux entrepreneurs en difficult\u00e9 afin de leur permettre de vaincre leur solitude,<\/li>\n<li>Lever les obstacles au rebond.<\/li>\n<\/ul>\n<p>[\/et_pb_text][\/et_pb_column][et_pb_column type=&#8221;1_2&#8243; _builder_version=&#8221;3.25&#8243; custom_padding=&#8221;|||&#8221; global_colors_info=&#8221;{}&#8221; custom_padding__hover=&#8221;|||&#8221;][et_pb_text _builder_version=&#8221;4.14.8&#8243; text_font=&#8221;||||||||&#8221; text_line_height=&#8221;2em&#8221; header_font=&#8221;||||||||&#8221; header_2_font=&#8221;Merriweather|700|||||||&#8221; header_2_font_size=&#8221;36px&#8221; header_2_line_height=&#8221;1.6em&#8221; header_3_font=&#8221;Montserrat|700|||||||&#8221; header_3_text_color=&#8221;gcid-af86f2ab-02ee-4104-9a69-19a1d1493be4&#8243; header_3_font_size=&#8221;18px&#8221; header_3_line_height=&#8221;1.8em&#8221; hover_enabled=&#8221;0&#8243; header_2_font_size_tablet=&#8221;&#8221; header_2_font_size_phone=&#8221;20px&#8221; header_2_font_size_last_edited=&#8221;on|phone&#8221; header_3_font_size_tablet=&#8221;&#8221; header_3_font_size_phone=&#8221;14px&#8221; header_3_font_size_last_edited=&#8221;on|phone&#8221; locked=&#8221;off&#8221; global_colors_info=&#8221;{%22gcid-af86f2ab-02ee-4104-9a69-19a1d1493be4%22:%91%22header_3_text_color%22%93}&#8221; sticky_enabled=&#8221;0&#8243;]<\/p>\n<h3>RE-CR\u00c9ER est un acteur du rebond en :<\/h3>\n<ul role=\"list\">\n<li>Menant constamment, seule ou avec ses partenaires du \u00ab\u00a0Portail du rebond des entrepreneurs\u00a0\u00bb, des actions pour obtenir que les mentalit\u00e9s et la l\u00e9gislation \u00e9voluent afin de lever les obstacles au rebond.<\/li>\n<li>Organisant \u00ab\u00a0les Assises du Rebond\u00a0\u00bb<\/li>\n<\/ul>\n<p>[\/et_pb_text][\/et_pb_column][\/et_pb_row][\/et_pb_section]<\/p>\n","protected":false},"excerpt":{"rendered":"<p>Qui sommes nous ? \u00ab SE SAVOIR \u00c9COUT\u00c9, CELA CHANGE TOUT\u00a0\u00bbRE-CR\u00c9ER est une association reconnue par les Pouvoirs Publics comme \u00ab\u00a0un organisme d\u2019int\u00e9r\u00eat g\u00e9n\u00e9ral \u00e0 caract\u00e8re social.\u00a0\u00bb RE-CR\u00c9ER est n\u00e9e du v\u00e9cu de deux hommes\u00a0: un dirigeant d\u2019un groupe de 500 salari\u00e9s qui a d\u00e9pos\u00e9 son bilan et son expert comptable\u00a0; ils ont constat\u00e9 qu\u2019aucune [&hellip;]<\/p>\n","protected":false},"author":1,"featured_media":0,"parent":0,"menu_order":0,"comment_status":"closed","ping_status":"closed","template":"","meta":{"_et_pb_use_builder":"on","_et_pb_old_content":"","_et_gb_content_width":"","footnotes":""},"class_list":["post-38","page","type-page","status-publish","hentry"],"yoast_head":"<!-- This site is optimized with the Yoast SEO plugin v25.9 - https:\/\/yoast.com\/wordpress\/plugins\/seo\/ -->\n<title>Qui sommes-nous ? - Association Re-Cr\u00e9er<\/title>\n<meta name=\"robots\" content=\"index, follow, max-snippet:-1, max-image-preview:large, max-video-preview:-1\" \/>\n<link rel=\"canonical\" href=\"https:\/\/re-creer.com\/?page_id=38\" \/>\n<meta property=\"og:locale\" content=\"en_US\" \/>\n<meta property=\"og:type\" content=\"article\" \/>\n<meta property=\"og:title\" content=\"Qui sommes-nous ? - Association Re-Cr\u00e9er\" \/>\n<meta property=\"og:description\" content=\"Qui sommes nous ? \u00ab SE SAVOIR \u00c9COUT\u00c9, CELA CHANGE TOUT\u00a0\u00bbRE-CR\u00c9ER est une association reconnue par les Pouvoirs Publics comme \u00ab\u00a0un organisme d\u2019int\u00e9r\u00eat g\u00e9n\u00e9ral \u00e0 caract\u00e8re social.\u00a0\u00bb RE-CR\u00c9ER est n\u00e9e du v\u00e9cu de deux hommes\u00a0: un dirigeant d\u2019un groupe de 500 salari\u00e9s qui a d\u00e9pos\u00e9 son bilan et son expert comptable\u00a0; ils ont constat\u00e9 qu\u2019aucune [&hellip;]\" \/>\n<meta property=\"og:url\" content=\"https:\/\/re-creer.com\/?page_id=38\" \/>\n<meta property=\"og:site_name\" content=\"Association Re-Cr\u00e9er\" \/>\n<meta property=\"article:modified_time\" content=\"2023-06-13T14:10:07+00:00\" \/>\n<meta name=\"twitter:card\" content=\"summary_large_image\" \/>\n<meta name=\"twitter:label1\" content=\"Est. reading time\" \/>\n\t<meta name=\"twitter:data1\" content=\"4 minutes\" \/>\n<script type=\"application\/ld+json\" class=\"yoast-schema-graph\">{\"@context\":\"https:\/\/schema.org\",\"@graph\":[{\"@type\":\"WebPage\",\"@id\":\"https:\/\/re-creer.com\/?page_id=38\",\"url\":\"https:\/\/re-creer.com\/?page_id=38\",\"name\":\"Qui sommes-nous ? - Association Re-Cr\u00e9er\",\"isPartOf\":{\"@id\":\"https:\/\/re-creer.com\/#website\"},\"datePublished\":\"2023-06-13T08:39:23+00:00\",\"dateModified\":\"2023-06-13T14:10:07+00:00\",\"breadcrumb\":{\"@id\":\"https:\/\/re-creer.com\/?page_id=38#breadcrumb\"},\"inLanguage\":\"en-US\",\"potentialAction\":[{\"@type\":\"ReadAction\",\"target\":[\"https:\/\/re-creer.com\/?page_id=38\"]}]},{\"@type\":\"BreadcrumbList\",\"@id\":\"https:\/\/re-creer.com\/?page_id=38#breadcrumb\",\"itemListElement\":[{\"@type\":\"ListItem\",\"position\":1,\"name\":\"Home\",\"item\":\"https:\/\/re-creer.com\/\"},{\"@type\":\"ListItem\",\"position\":2,\"name\":\"Qui sommes-nous ?\"}]},{\"@type\":\"WebSite\",\"@id\":\"https:\/\/re-creer.com\/#website\",\"url\":\"https:\/\/re-creer.com\/\",\"name\":\"Association Re-Cr\u00e9er\",\"description\":\"Se savoir \u00e9cout\u00e9, \u00e7a change tout\",\"potentialAction\":[{\"@type\":\"SearchAction\",\"target\":{\"@type\":\"EntryPoint\",\"urlTemplate\":\"https:\/\/re-creer.com\/?s={search_term_string}\"},\"query-input\":{\"@type\":\"PropertyValueSpecification\",\"valueRequired\":true,\"valueName\":\"search_term_string\"}}],\"inLanguage\":\"en-US\"}]}<\/script>\n<!-- \/ Yoast SEO plugin. -->","yoast_head_json":{"title":"Qui sommes-nous ? - Association Re-Cr\u00e9er","robots":{"index":"index","follow":"follow","max-snippet":"max-snippet:-1","max-image-preview":"max-image-preview:large","max-video-preview":"max-video-preview:-1"},"canonical":"https:\/\/re-creer.com\/?page_id=38","og_locale":"en_US","og_type":"article","og_title":"Qui sommes-nous ? - Association Re-Cr\u00e9er","og_description":"Qui sommes nous ? \u00ab SE SAVOIR \u00c9COUT\u00c9, CELA CHANGE TOUT\u00a0\u00bbRE-CR\u00c9ER est une association reconnue par les Pouvoirs Publics comme \u00ab\u00a0un organisme d\u2019int\u00e9r\u00eat g\u00e9n\u00e9ral \u00e0 caract\u00e8re social.\u00a0\u00bb RE-CR\u00c9ER est n\u00e9e du v\u00e9cu de deux hommes\u00a0: un dirigeant d\u2019un groupe de 500 salari\u00e9s qui a d\u00e9pos\u00e9 son bilan et son expert comptable\u00a0; ils ont constat\u00e9 qu\u2019aucune [&hellip;]","og_url":"https:\/\/re-creer.com\/?page_id=38","og_site_name":"Association Re-Cr\u00e9er","article_modified_time":"2023-06-13T14:10:07+00:00","twitter_card":"summary_large_image","twitter_misc":{"Est. reading time":"4 minutes"},"schema":{"@context":"https:\/\/schema.org","@graph":[{"@type":"WebPage","@id":"https:\/\/re-creer.com\/?page_id=38","url":"https:\/\/re-creer.com\/?page_id=38","name":"Qui sommes-nous ? - Association Re-Cr\u00e9er","isPartOf":{"@id":"https:\/\/re-creer.com\/#website"},"datePublished":"2023-06-13T08:39:23+00:00","dateModified":"2023-06-13T14:10:07+00:00","breadcrumb":{"@id":"https:\/\/re-creer.com\/?page_id=38#breadcrumb"},"inLanguage":"en-US","potentialAction":[{"@type":"ReadAction","target":["https:\/\/re-creer.com\/?page_id=38"]}]},{"@type":"BreadcrumbList","@id":"https:\/\/re-creer.com\/?page_id=38#breadcrumb","itemListElement":[{"@type":"ListItem","position":1,"name":"Home","item":"https:\/\/re-creer.com\/"},{"@type":"ListItem","position":2,"name":"Qui sommes-nous ?"}]},{"@type":"WebSite","@id":"https:\/\/re-creer.com\/#website","url":"https:\/\/re-creer.com\/","name":"Association Re-Cr\u00e9er","description":"Se savoir \u00e9cout\u00e9, \u00e7a change tout","potentialAction":[{"@type":"SearchAction","target":{"@type":"EntryPoint","urlTemplate":"https:\/\/re-creer.com\/?s={search_term_string}"},"query-input":{"@type":"PropertyValueSpecification","valueRequired":true,"valueName":"search_term_string"}}],"inLanguage":"en-US"}]}},"_links":{"self":[{"href":"https:\/\/re-creer.com\/index.php?rest_route=\/wp\/v2\/pages\/38","targetHints":{"allow":["GET"]}}],"collection":[{"href":"https:\/\/re-creer.com\/index.php?rest_route=\/wp\/v2\/pages"}],"about":[{"href":"https:\/\/re-creer.com\/index.php?rest_route=\/wp\/v2\/types\/page"}],"author":[{"embeddable":true,"href":"https:\/\/re-creer.com\/index.php?rest_route=\/wp\/v2\/users\/1"}],"replies":[{"embeddable":true,"href":"https:\/\/re-creer.com\/index.php?rest_route=%2Fwp%2Fv2%2Fcomments&post=38"}],"version-history":[{"count":8,"href":"https:\/\/re-creer.com\/index.php?rest_route=\/wp\/v2\/pages\/38\/revisions"}],"predecessor-version":[{"id":162,"href":"https:\/\/re-creer.com\/index.php?rest_route=\/wp\/v2\/pages\/38\/revisions\/162"}],"wp:attachment":[{"href":"https:\/\/re-creer.com\/index.php?rest_route=%2Fwp%2Fv2%2Fmedia&parent=38"}],"curies":[{"name":"wp","href":"https:\/\/api.w.org\/{rel}","templated":true}]}}