{"id":3,"date":"2023-06-13T08:01:12","date_gmt":"2023-06-13T08:01:12","guid":{"rendered":"https:\/\/recreer.webeautiful.fr\/?page_id=3"},"modified":"2023-06-16T14:06:21","modified_gmt":"2023-06-16T14:06:21","slug":"privacy-policy","status":"publish","type":"page","link":"https:\/\/re-creer.com\/?page_id=3","title":{"rendered":"MENTIONS L\u00c9GALES"},"content":{"rendered":"\n<h3 class=\"wp-block-heading\">D\u00c9NOMINATION SOCIALE<\/h3>\n\n\n\n<p><strong>RE-CREER<\/strong><\/p>\n\n\n\n<p>Association sans but lucratif r\u00e9gie par la Loi du 1er juillet 1901<br>Inscrite \u00e0 la Pr\u00e9fecture des Yvelines sous le n\u00b08913<br>SIREN : 485 366&nbsp;603<\/p>\n\n\n\n<p>Si\u00e8ge social&nbsp;:&nbsp;chez la Soci\u00e9t\u00e9 des Ing\u00e9nieurs Arts et M\u00e9tiers &#8211; 9bis, avenue d&#8217;I\u00e9na &#8211; 75783 Paris Cedex 16<br>Email&nbsp;:&nbsp;info@re-creer.com<\/p>\n\n\n\n<h3 class=\"wp-block-heading\">DIRECTEUR DE LA PUBLICATION<\/h3>\n\n\n\n<p>Monsieur Christian de BAECQUE<\/p>\n\n\n\n<h3 class=\"wp-block-heading\">H\u00c9BERGEUR<\/h3>\n\n\n\n<p>WEBFLOW<\/p>\n\n\n\n<h3 class=\"wp-block-heading\">PRINCIPES GENERAUX<\/h3>\n\n\n\n<p>LE SITE &#8221; http:\/\/www.re-creer.com &#8221; EST LA PROPRIETE EXCLUSIVE DE L\u2019ASSOCIATION RE-CREER.<br><br>Le site &#8220;http:\/\/www.re-creer.com&#8221; que vous avez d\u00e9cid\u00e9 de consulter est un site d&#8217;informations. Son objectif est donc de vous renseigner et de parfaire votre information sur l\u2019association RE-CREER, ses actions et ses services.<br><br>Le site qui vous est propos\u00e9 par l\u2019association RE-CREER ne peut \u00eatre utilis\u00e9 que sous r\u00e9serve du respect des conditions d&#8217;utilisation et des mentions d&#8217;avertissement contenues dans le pr\u00e9sent document. Ainsi, nous vous enjoignons fortement \u00e0 lire avec la plus grande attention le pr\u00e9sent document, d\u2019en renouveler la lecture \u00e0 chaque fois que vous utilisez le pr\u00e9sent site.<br><br>En effet, sachez que votre utilisation de ce site constitue votre acceptation desdites conditions d&#8217;utilisation en vigueur \u00e0 la date de votre consultation.<\/p>\n\n\n\n<h3 class=\"wp-block-heading\">LA PROTECTION DES DONNEES NOMINATIVES<\/h3>\n\n\n\n<p>L\u2019association RE-CREER tient \u00e0 rappeler son engagement \u00e0 respecter scrupuleusement la confiance que vous lui accordez et \u00e0 appliquer strictement les obligations de la loi 78-17 du 6 janvier 1978 modifi\u00e9e dite &#8221; informatique et libert\u00e9s &#8221; et de ses d\u00e9crets d&#8217;application. Nous nous engageons \u00e0 respecter les dispositions de cette loi et notamment celles concernant les informations personnelles que vous pourriez \u00eatre amen\u00e9s \u00e0 nous communiquer dans le cadre de votre utilisation du site &#8220;http:\/\/www.re-creer.com&#8221;. Les donn\u00e9es collect\u00e9es ne sont destin\u00e9es qu&#8217;\u00e0 l&#8217;usage propre de l\u2019association RE-CREER. Les personnes qui souhaiteront communiquer \u00e0 l\u2019association RE-CREER des donn\u00e9es personnelles sont inform\u00e9es que la collecte et le traitement de ces donn\u00e9es seront r\u00e9alis\u00e9s dans les conditions ci-apr\u00e8s \u00e9num\u00e9r\u00e9es.<\/p>\n\n\n\n<h3 class=\"wp-block-heading\">LA COLLECTE DES INFORMATIONS PERSONNELLES<\/h3>\n\n\n\n<p>personnes qui se connectent sur ce site sans leur accord pr\u00e9alable. Ainsi, notre site n&#8217;est pas destin\u00e9 ni configur\u00e9 de telle sorte qu&#8217;il permette de collecter des informations personnelles sur vous en dehors des donn\u00e9es suivantes : provenance des connexions (fournisseurs d&#8217;acc\u00e8s), adresse IP, type et version du navigateur utilis\u00e9.<br><br>Seuls les renseignements d&#8217;ordre personnel tels que noms, adresses postales, adresses e-mail, et autres &#8211; fournis volontairement par vous-m\u00eame &#8211; sont recueillis. Il peut arriver que vous ayez \u00e0 fournir ces informations personnelles afin d&#8217;obtenir un renseignement, de nous faire parvenir vos commentaires. Ils constituent des donn\u00e9es confidentielles. Certaines informations demand\u00e9es dans les formulaires ont donc un caract\u00e8re obligatoire, signal\u00e9es par un ast\u00e9risque. Nous tenons \u00e0 vous indiquer que si vous choisissez de ne pas nous communiquer les informations \u00e0 caract\u00e8re obligatoire, nous ne serons pas \u00e0 m\u00eame de traiter votre demande.<br><br>Par ailleurs, nous ne saurons trop insister sur la n\u00e9cessit\u00e9 d&#8217;une surveillance parentale pour tout enfant mineur utilisateur de l&#8217;Internet.<\/p>\n\n\n\n<h3 class=\"wp-block-heading\">LA CONSERVATION ET L\u2019UTILISATION DES DONNEES PERSONNELLES<\/h3>\n\n\n\n<p>Nous nous engageons, conform\u00e9ment aux obligations l\u00e9gales, \u00e0 conserver les informations personnelles que vous nous avez communiqu\u00e9es dans des conditions de s\u00e9curit\u00e9 renforc\u00e9es et pour des dur\u00e9es limit\u00e9es dans le temps. Le temps de conservation de ces informations est proportionn\u00e9 aux finalit\u00e9s pour lesquelles vous nous les communiquez et r\u00e9pond \u00e9galement aux exigences l\u00e9gales ayant pour objet la poursuite de comportements d\u00e9lictueux. Ces informations confidentielles ne sont accessibles qu&#8217;\u00e0 notre personnel, qui respecte parfaitement cette confidentialit\u00e9, et ne sont utilis\u00e9es que dans le cadre des finalit\u00e9s pour lesquelles vous nous les avez communiqu\u00e9es et plus pr\u00e9cis\u00e9ment pour vous transmettre en retour l&#8217;information que vous avez pu nous demander en remplissant un questionnaire en ligne ou vous faire part de nos actions.<\/p>\n\n\n\n<h3 class=\"wp-block-heading\">L\u2019EXERCICE DU DROIT D\u2019ACCES ET DE RECTIFICATION<\/h3>\n\n\n\n<p>Nous tenons \u00e0 vous informer que vous disposez, \u00e0 l&#8217;\u00e9gard de toutes ces informations et notamment des donn\u00e9es personnelles collect\u00e9es ou g\u00e9n\u00e9r\u00e9es pr\u00e9alablement, au cours ou \u00e0 la suite du pr\u00e9sent traitement, d&#8217;un droit d&#8217;acc\u00e8s, de rectification et de retrait.<br>L&#8217;exercice de ces droits se fera dans le respect des conditions pr\u00e9vues par la loi 78-17 du 6 janvier 1978 modifi\u00e9e et ses d\u00e9crets d&#8217;application relatifs \u00e0 &#8221; l&#8217;informatique, aux fichiers et aux libert\u00e9s &#8221; en faisant la demande directement par courrier aupr\u00e8s de RE-CREER (par courrier ou email).<\/p>\n\n\n\n<h3 class=\"wp-block-heading\">LES COOKIES<\/h3>\n\n\n\n<p>Les donn\u00e9es de trafic et les fichiers de cookies que nous implantons sur votre ordinateur ont une simple finalit\u00e9 : de proc\u00e9der, en interne, \u00e0 des analyses de fr\u00e9quentation de nos pages d&#8217;informations afin d&#8217;en am\u00e9liorer le contenu. Les donn\u00e9es relatives \u00e0 votre navigation sur le site ne sont pas exploit\u00e9es nominativement. En r\u00e9alit\u00e9, il s&#8217;agit de statistiques agr\u00e9g\u00e9es permettant uniquement de conna\u00eetre les pages les plus et les moins consult\u00e9es, les itin\u00e9raires pr\u00e9f\u00e9r\u00e9s, les niveaux d&#8217;activit\u00e9 par jour de la semaine et par heure de la journ\u00e9e, etc.<\/p>\n\n\n\n<p>Nous vous informons que vous disposez dans votre logiciel de navigation de la possibilit\u00e9 de vous opposer \u00e0 l&#8217;enregistrement de cookies dans votre ordinateur.<\/p>\n\n\n\n<p>Si vous naviguez sur Internet avec Internet Explorer 3 ou 4 (Microsoft) : Cliquez &#8220;affichage&#8221;, &#8220;options&#8221;, &#8220;avanc\u00e9es&#8221;. Parmi diff\u00e9rents avertissements que vous pouvez activer, le quatri\u00e8me est intitul\u00e9 &#8220;avertir avant d&#8217;accepter des cookies&#8221; et, uniquement sur Internet Explorer 4, le cinqui\u00e8me est intitul\u00e9 &#8220;refuser toujours les cookies&#8221;.<\/p>\n\n\n\n<p>Si vous naviguez sur Internet avec Internet Explorer 5 (Microsoft) : Cliquez &#8220;outils&#8221;, &#8220;options internet&#8221;, &#8220;s\u00e9curit\u00e9&#8221;, &#8220;personnaliser le niveau de s\u00e9curit\u00e9&#8221;. Dans la rubrique &#8220;cookies&#8221;, choisissez &#8220;demander&#8221; ou &#8220;d\u00e9sactiver&#8221; pour les deux options propos\u00e9es.<\/p>\n\n\n\n<p>Si vous naviguez sur Internet avec Navigator Gold 3 (Netscape) : Cliquez &#8220;options&#8221;, &#8220;pr\u00e9f\u00e9rences du r\u00e9seau&#8221;, &#8220;protocoles&#8221;. Parmi diff\u00e9rents avertissements que vous pouvez activer, le premier est intitul\u00e9 &#8220;avertir avant d&#8217;accepter un cookie&#8221;. Vous serez alors averti(e) lors de l&#8217;arriv\u00e9e d&#8217;un &#8220;cookie&#8221; et vous pourrez vous opposer \u00e0 son enregistrement par votre logiciel de navigation.<\/p>\n\n\n\n<p>Si vous naviguez sur Internet avec Communicator (Netscape) : Cliquez &#8220;\u00e9dition&#8221;, &#8220;pr\u00e9f\u00e9rences&#8221; et mettez &#8220;avanc\u00e9es&#8221; en surbrillance. Choisissez l&#8217;option d\u00e9sir\u00e9e.<\/p>\n\n\n\n<p>Pour plus d&#8217;information sur ce dernier point nous vous invitons \u00e0 vous rendre sur le site de la CNIL (Commission Nationale de l&#8217;Informatique et des Libert\u00e9s) \u00e0 l&#8217;adresse suivante :&nbsp;<a href=\"https:\/\/www.re-creer.com\/mentions-legales#\">http:\/\/www.cnil.fr\/traces\/index.htm<\/a><\/p>\n\n\n\n<h3 class=\"wp-block-heading\">LES MISES A JOUR DU SITE<\/h3>\n\n\n\n<p>Les informations accessibles sur ce site proviennent de sources consid\u00e9r\u00e9es comme \u00e9tant fiables. Toutefois, l\u2019association RE-CREER ne saurait vous garantir que leur transcription sur le site s&#8217;effectue sans risques d&#8217;erreurs mat\u00e9rielles.<\/p>\n\n\n\n<p>Nous nous r\u00e9servons le droit de les corriger, d\u00e8s que ces erreurs sont port\u00e9es \u00e0 notre connaissance et, plus g\u00e9n\u00e9ralement, de modifier, \u00e0 tout moment, sans pr\u00e9avis, tout ou partie du site &#8220;http:\/\/www.re-creer.com&#8221; ainsi que les conditions d&#8217;utilisation et mentions d&#8217;avertissements relatifs \u00e0 ce site, sans que notre responsabilit\u00e9 puisse \u00eatre engag\u00e9e de ce fait.<\/p>\n\n\n\n<h3 class=\"wp-block-heading\">LA PROTECTION DE LA PROPRIETE INTELLECTUELLE<\/h3>\n\n\n\n<p>Nous vous informons que le site &#8220;http:\/\/www.re-creer.com&#8221; constitue une \u0153uvre prot\u00e9g\u00e9e au titre de la propri\u00e9t\u00e9 intellectuelle. Il en est de m\u00eame de son arborescence et des donn\u00e9es figurant sur le site telles que marques, logos, graphismes, photographies ainsi que toutes autres donn\u00e9es.<\/p>\n\n\n\n<p>Nous vous indiquons que ce site et les informations qui y figurent sont destin\u00e9es \u00e0 votre usage strictement personnel et ne peuvent \u00eatre reproduites, ni communiqu\u00e9es \u00e0 des tiers, ni utilis\u00e9es en tout ou partie, \u00e0 des fins commerciales ou non commerciales, ni servir \u00e0 la r\u00e9alisation d&#8217;\u0153uvres d\u00e9riv\u00e9es.<\/p>\n\n\n\n<p>Ainsi, nous vous informons que toute reproduction, repr\u00e9sentation, publication, transmission ou plus g\u00e9n\u00e9ralement toute exploitation non autoris\u00e9e du site et des informations divulgu\u00e9es sur le site engage votre responsabilit\u00e9 et sont susceptibles d&#8217;entra\u00eener des poursuites judiciaires \u00e0 votre encontre et notamment pour contrefa\u00e7on.<\/p>\n\n\n\n<h3 class=\"wp-block-heading\">LES LIENS<\/h3>\n\n\n\n<p>Nous vous informons que le pr\u00e9sent site peut proposer des liens vers d&#8217;autres sites ou d&#8217;autres sources Internet. Nous ne sommes pas en mesure de contr\u00f4ler ces sites et sources externes qui par nature sont susceptibles d&#8217;\u00e9voluer rapidement. Par ailleurs, nous vous invitons \u00e0 prendre connaissance de leurs conditions d&#8217;utilisation pr\u00e9alablement \u00e0 leur utilisation.<\/p>\n\n\n\n<p>En cons\u00e9quence, l\u2019association RE-CREER ne peut en aucune mani\u00e8re \u00eatre tenue responsable de la mise \u00e0 disposition de ces liens permettant l&#8217;acc\u00e8s \u00e0 ces sites et sources externes, et ne peut supporter aucune responsabilit\u00e9 quant au contenu, publicit\u00e9s, produits, services ou tout autre mat\u00e9riel disponible sur ou \u00e0 partir de ces sites ou sources externes qu&#8217;elle n&#8217;est pas en mesure de v\u00e9rifier ni d\u2019approuver.<\/p>\n\n\n\n<h3 class=\"wp-block-heading\">L\u2019UTILISATION DU SITE<\/h3>\n\n\n\n<p>En qualit\u00e9 d&#8217;utilisateurs du site &#8220;http:\/\/www.re-creer.com&#8221;, vous reconnaissez et acceptez express\u00e9ment que : votre utilisation de ce site se fait \u00e0 vos risques et p\u00e9rils. Nous ne vous fournissons aucune garantie expresse et implicite concernant la qualit\u00e9 et la compatibilit\u00e9 du site \u00e0 un usage sp\u00e9cifique.<\/p>\n\n\n\n<p>Nous ne garantissons pas&nbsp;:<\/p>\n\n\n\n<ul class=\"wp-block-list\">\n<li>que le site r\u00e9pondra parfaitement \u00e0 vos attentes ;<\/li>\n\n\n\n<li>que le site sera exhaustif, ininterrompu, opportun, s\u00fbr ou d\u00e9pourvu de toute erreur ;<\/li>\n\n\n\n<li>que les r\u00e9sultats qui peuvent \u00eatre obtenus en utilisant le site seront en permanence exacts et fiables.<\/li>\n<\/ul>\n\n\n\n<p>Le t\u00e9l\u00e9chargement de tous mat\u00e9riels lors de l&#8217;utilisation du service sera \u00e0 vos risques et p\u00e9rils. Vous serez seul responsable pour tout dommage subi par votre ordinateur ou toutes pertes de donn\u00e9es, cons\u00e9cutifs \u00e0 ce t\u00e9l\u00e9chargement.<\/p>\n\n\n\n<p>Plus g\u00e9n\u00e9ralement, l\u2019association RE-CREER ne pourra en aucun cas \u00eatre responsable en cas de dommages directs et\/ou indirects r\u00e9sultant de l&#8217;utilisation de ce site ou de l&#8217;impossibilit\u00e9 d&#8217;acc\u00e9der \u00e0 ce site.<\/p>\n\n\n\n<p>L\u2019association RE-CREER ne saurait \u00eatre tenue responsable d&#8217;un dommage, quel qu&#8217;il soit, ou d&#8217;un virus qui pourrait affecter votre ordinateur et votre mat\u00e9riel de t\u00e9l\u00e9communication suite \u00e0 un acc\u00e8s au site, son utilisation et\/ou un t\u00e9l\u00e9chargement de documents en provenance de ce site.<\/p>\n\n\n\n<p>Par ailleurs, vous vous engagez \u00e0 ne pas utiliser ce site pour notamment :<\/p>\n\n\n\n<ul class=\"wp-block-list\">\n<li>envoyer, transmettre par courrier \u00e9lectronique ou de toute autre mani\u00e8re tout contenu illicite ou nuisible ;<\/li>\n\n\n\n<li>afficher ou transmettre par courrier \u00e9lectronique tout contenu violant tout brevet, marque d\u00e9pos\u00e9e, secret de fabrication, droit de propri\u00e9t\u00e9 intellectuelle ou tout droit de propri\u00e9t\u00e9 et\/ou de la personnalit\u00e9 ;<\/li>\n\n\n\n<li>afficher ou transmettre par courrier \u00e9lectronique tout contenu contenant des virus informatiques ou tout autre code dossier ou programme con\u00e7us pour interrompre, d\u00e9truire ou limiter les fonctionnalit\u00e9s du site &#8220;http:\/\/www.re-creer.com&#8221; ;<\/li>\n\n\n\n<li>collecter et stocker des donn\u00e9es personnelles aff\u00e9rentes \u00e0 un autre ou plusieurs autres utilisateurs.<\/li>\n<\/ul>\n\n\n\n<p>A d\u00e9faut, votre responsabilit\u00e9 civile et\/ou p\u00e9nale pourrait \u00eatre engag\u00e9e.<\/p>\n\n\n\n<h3 class=\"wp-block-heading\">LES INFORMATIONS GENERALES CONCERNANT LE SITE<\/h3>\n\n\n\n<p>&#8220;http:\/\/www.re-creer.com&#8221; :<\/p>\n\n\n\n<p>Nous vous informons que le site &#8220;http:\/\/www.re-creer.com&#8221; est un site de droit fran\u00e7ais, soumis aux juridictions fran\u00e7aises et qu&#8217;il a pour langue officielle le fran\u00e7ais.&nbsp;<\/p>\n\n\n\n<p>Nous nous r\u00e9servons le droit de refuser l&#8217;acc\u00e8s \u00e0 tout ou partie de ce site \u00e0 tout utilisateur qui ne respecterait pas les conditions d&#8217;utilisation de ce site.&nbsp;<br>Nous vous rappelons que le site &#8220;http:\/\/www.re-creer.com&#8221; est un site d&#8217;information.&nbsp;<\/p>\n\n\n\n<p>Toute consultation du site implique votre acceptation pr\u00e9alable et sans r\u00e9serve des pr\u00e9sentes conditions d&#8217;utilisation de ce site. Toute question relative aux pr\u00e9sentes conditions d&#8217;utilisation doit \u00eatre adress\u00e9e \u00e0&nbsp;info@re-creer.com.Les informations, ni les images contenues dans ce site ne lient contractuellement &#8220;<a href=\"https:\/\/www.re-creer.com\/mentions-legales#\">http:\/\/www.re-creer.com<\/a>&#8220;.<\/p>\n\n\n\n<p>Les informations \u00e9manant directement de &#8221; http:\/\/www.re-creer.com &#8221; sont r\u00e9put\u00e9es exactes \u00e0 la date de derni\u00e8re modification mais ne sauraient \u00eatre exemptes d&#8217;erreurs typographiques ou d&#8217;omissions. La responsabilit\u00e9 de &#8220;http:\/\/www.re-creer.com&#8221; ne saurait en aucun cas \u00eatre engag\u00e9e \u00e0 cet \u00e9gard.<\/p>\n\n\n\n<p><\/p>\n\n\n\n<p><\/p>\n","protected":false},"excerpt":{"rendered":"<p>D\u00c9NOMINATION SOCIALE RE-CREER Association sans but lucratif r\u00e9gie par la Loi du 1er juillet 1901Inscrite \u00e0 la Pr\u00e9fecture des Yvelines sous le n\u00b08913SIREN : 485 366&nbsp;603 Si\u00e8ge social&nbsp;:&nbsp;chez la Soci\u00e9t\u00e9 des Ing\u00e9nieurs Arts et M\u00e9tiers &#8211; 9bis, avenue d&#8217;I\u00e9na &#8211; 75783 Paris Cedex 16Email&nbsp;:&nbsp;info@re-creer.com DIRECTEUR DE LA PUBLICATION Monsieur Christian de BAECQUE H\u00c9BERGEUR WEBFLOW PRINCIPES [&hellip;]<\/p>\n","protected":false},"author":1,"featured_media":0,"parent":0,"menu_order":0,"comment_status":"closed","ping_status":"open","template":"","meta":{"_et_pb_use_builder":"","_et_pb_old_content":"","_et_gb_content_width":"1080","footnotes":""},"class_list":["post-3","page","type-page","status-publish","hentry"],"yoast_head":"<!-- This site is optimized with the Yoast SEO plugin v25.9 - https:\/\/yoast.com\/wordpress\/plugins\/seo\/ -->\n<title>MENTIONS L\u00c9GALES - Association Re-Cr\u00e9er<\/title>\n<meta name=\"robots\" content=\"index, follow, max-snippet:-1, max-image-preview:large, max-video-preview:-1\" \/>\n<link rel=\"canonical\" href=\"https:\/\/re-creer.com\/?page_id=3\" \/>\n<meta property=\"og:locale\" content=\"en_US\" \/>\n<meta property=\"og:type\" content=\"article\" \/>\n<meta property=\"og:title\" content=\"MENTIONS L\u00c9GALES - Association Re-Cr\u00e9er\" \/>\n<meta property=\"og:description\" content=\"D\u00c9NOMINATION SOCIALE RE-CREER Association sans but lucratif r\u00e9gie par la Loi du 1er juillet 1901Inscrite \u00e0 la Pr\u00e9fecture des Yvelines sous le n\u00b08913SIREN : 485 366&nbsp;603 Si\u00e8ge social&nbsp;:&nbsp;chez la Soci\u00e9t\u00e9 des Ing\u00e9nieurs Arts et M\u00e9tiers &#8211; 9bis, avenue d&#8217;I\u00e9na &#8211; 75783 Paris Cedex 16Email&nbsp;:&nbsp;info@re-creer.com DIRECTEUR DE LA PUBLICATION Monsieur Christian de BAECQUE H\u00c9BERGEUR WEBFLOW PRINCIPES [&hellip;]\" \/>\n<meta property=\"og:url\" content=\"https:\/\/re-creer.com\/?page_id=3\" \/>\n<meta property=\"og:site_name\" content=\"Association Re-Cr\u00e9er\" \/>\n<meta property=\"article:modified_time\" content=\"2023-06-16T14:06:21+00:00\" \/>\n<meta name=\"twitter:card\" content=\"summary_large_image\" \/>\n<meta name=\"twitter:label1\" content=\"Est. reading time\" \/>\n\t<meta name=\"twitter:data1\" content=\"8 minutes\" \/>\n<script type=\"application\/ld+json\" class=\"yoast-schema-graph\">{\"@context\":\"https:\/\/schema.org\",\"@graph\":[{\"@type\":\"WebPage\",\"@id\":\"https:\/\/re-creer.com\/?page_id=3\",\"url\":\"https:\/\/re-creer.com\/?page_id=3\",\"name\":\"MENTIONS L\u00c9GALES - Association Re-Cr\u00e9er\",\"isPartOf\":{\"@id\":\"https:\/\/re-creer.com\/#website\"},\"datePublished\":\"2023-06-13T08:01:12+00:00\",\"dateModified\":\"2023-06-16T14:06:21+00:00\",\"breadcrumb\":{\"@id\":\"https:\/\/re-creer.com\/?page_id=3#breadcrumb\"},\"inLanguage\":\"en-US\",\"potentialAction\":[{\"@type\":\"ReadAction\",\"target\":[\"https:\/\/re-creer.com\/?page_id=3\"]}]},{\"@type\":\"BreadcrumbList\",\"@id\":\"https:\/\/re-creer.com\/?page_id=3#breadcrumb\",\"itemListElement\":[{\"@type\":\"ListItem\",\"position\":1,\"name\":\"Home\",\"item\":\"https:\/\/re-creer.com\/\"},{\"@type\":\"ListItem\",\"position\":2,\"name\":\"MENTIONS L\u00c9GALES\"}]},{\"@type\":\"WebSite\",\"@id\":\"https:\/\/re-creer.com\/#website\",\"url\":\"https:\/\/re-creer.com\/\",\"name\":\"Association Re-Cr\u00e9er\",\"description\":\"Se savoir \u00e9cout\u00e9, \u00e7a change tout\",\"potentialAction\":[{\"@type\":\"SearchAction\",\"target\":{\"@type\":\"EntryPoint\",\"urlTemplate\":\"https:\/\/re-creer.com\/?s={search_term_string}\"},\"query-input\":{\"@type\":\"PropertyValueSpecification\",\"valueRequired\":true,\"valueName\":\"search_term_string\"}}],\"inLanguage\":\"en-US\"}]}<\/script>\n<!-- \/ Yoast SEO plugin. -->","yoast_head_json":{"title":"MENTIONS L\u00c9GALES - Association Re-Cr\u00e9er","robots":{"index":"index","follow":"follow","max-snippet":"max-snippet:-1","max-image-preview":"max-image-preview:large","max-video-preview":"max-video-preview:-1"},"canonical":"https:\/\/re-creer.com\/?page_id=3","og_locale":"en_US","og_type":"article","og_title":"MENTIONS L\u00c9GALES - Association Re-Cr\u00e9er","og_description":"D\u00c9NOMINATION SOCIALE RE-CREER Association sans but lucratif r\u00e9gie par la Loi du 1er juillet 1901Inscrite \u00e0 la Pr\u00e9fecture des Yvelines sous le n\u00b08913SIREN : 485 366&nbsp;603 Si\u00e8ge social&nbsp;:&nbsp;chez la Soci\u00e9t\u00e9 des Ing\u00e9nieurs Arts et M\u00e9tiers &#8211; 9bis, avenue d&#8217;I\u00e9na &#8211; 75783 Paris Cedex 16Email&nbsp;:&nbsp;info@re-creer.com DIRECTEUR DE LA PUBLICATION Monsieur Christian de BAECQUE H\u00c9BERGEUR WEBFLOW PRINCIPES [&hellip;]","og_url":"https:\/\/re-creer.com\/?page_id=3","og_site_name":"Association Re-Cr\u00e9er","article_modified_time":"2023-06-16T14:06:21+00:00","twitter_card":"summary_large_image","twitter_misc":{"Est. reading time":"8 minutes"},"schema":{"@context":"https:\/\/schema.org","@graph":[{"@type":"WebPage","@id":"https:\/\/re-creer.com\/?page_id=3","url":"https:\/\/re-creer.com\/?page_id=3","name":"MENTIONS L\u00c9GALES - Association Re-Cr\u00e9er","isPartOf":{"@id":"https:\/\/re-creer.com\/#website"},"datePublished":"2023-06-13T08:01:12+00:00","dateModified":"2023-06-16T14:06:21+00:00","breadcrumb":{"@id":"https:\/\/re-creer.com\/?page_id=3#breadcrumb"},"inLanguage":"en-US","potentialAction":[{"@type":"ReadAction","target":["https:\/\/re-creer.com\/?page_id=3"]}]},{"@type":"BreadcrumbList","@id":"https:\/\/re-creer.com\/?page_id=3#breadcrumb","itemListElement":[{"@type":"ListItem","position":1,"name":"Home","item":"https:\/\/re-creer.com\/"},{"@type":"ListItem","position":2,"name":"MENTIONS L\u00c9GALES"}]},{"@type":"WebSite","@id":"https:\/\/re-creer.com\/#website","url":"https:\/\/re-creer.com\/","name":"Association Re-Cr\u00e9er","description":"Se savoir \u00e9cout\u00e9, \u00e7a change tout","potentialAction":[{"@type":"SearchAction","target":{"@type":"EntryPoint","urlTemplate":"https:\/\/re-creer.com\/?s={search_term_string}"},"query-input":{"@type":"PropertyValueSpecification","valueRequired":true,"valueName":"search_term_string"}}],"inLanguage":"en-US"}]}},"_links":{"self":[{"href":"https:\/\/re-creer.com\/index.php?rest_route=\/wp\/v2\/pages\/3","targetHints":{"allow":["GET"]}}],"collection":[{"href":"https:\/\/re-creer.com\/index.php?rest_route=\/wp\/v2\/pages"}],"about":[{"href":"https:\/\/re-creer.com\/index.php?rest_route=\/wp\/v2\/types\/page"}],"author":[{"embeddable":true,"href":"https:\/\/re-creer.com\/index.php?rest_route=\/wp\/v2\/users\/1"}],"replies":[{"embeddable":true,"href":"https:\/\/re-creer.com\/index.php?rest_route=%2Fwp%2Fv2%2Fcomments&post=3"}],"version-history":[{"count":3,"href":"https:\/\/re-creer.com\/index.php?rest_route=\/wp\/v2\/pages\/3\/revisions"}],"predecessor-version":[{"id":220,"href":"https:\/\/re-creer.com\/index.php?rest_route=\/wp\/v2\/pages\/3\/revisions\/220"}],"wp:attachment":[{"href":"https:\/\/re-creer.com\/index.php?rest_route=%2Fwp%2Fv2%2Fmedia&parent=3"}],"curies":[{"name":"wp","href":"https:\/\/api.w.org\/{rel}","templated":true}]}}